79 = 3*p + 96*w, -3*w = 5*p - 290465. What are the prime factors of p?
7, 43, 193
Suppose -2*c = -5*g - 9098, 3*g = 2*c - 5257 - 3833. What are the prime factors of c?
3, 17, 89
Let x = 162 - 157. What are the prime factors of 6*(1191/18 - x) - 1?
2, 3, 61
Suppose -35*z + 17*z - 58082 = -210596. List the prime factors of z.
37, 229
Let n(d) = -5*d + 11533. List the prime factors of n(0).
19, 607
Let n = 27135 - -22985. List the prime factors of n.
2, 5, 7, 179
Suppose -5*a - 4*u = -3*u - 4713, -2*a + 4*u = -1872. Let v = a + -565. What are the prime factors of v?
13, 29
Suppose 0 = 2*l + 10, 176*y + 5*l - 14151 = 174*y. What are the prime factors of y?
2, 443
List the prime factors of -7*32/(-56) + 2*5248 + -3.
3, 3499
Let y = 22640 + -12803. List the prime factors of y.
3, 1093
Let j(s) be the third derivative of 22*s**2 + 0*s**4 + 1/12*s**5 + 0*s - 2*s**3 + 0. List the prime factors of j(-4).
2, 17
Let s(j) = 14*j**2 + 2*j - 1. Let x be s(1). Suppose -18*k + 54 = -x*k. Let z = k + -2. List the prime factors of z.
2
List the prime factors of (-125892)/(-27)*(6 + -3).
2, 13, 269
Let f(d) = -3*d - 6. Let a be f(-21). Let x = 127 - a. What are the prime factors of x?
2, 5, 7
Suppose -7*j - 5478 + 43195 = -81948. List the prime factors of j.
5, 13, 263
Let g = 5613 + -192. What are the prime factors of g?
3, 13, 139
List the prime factors of ((-114)/(-8))/(1002/403472).
2, 19, 151
List the prime factors of (-104208)/(-22) + 357/1309.
3, 1579
Let d = -56 + 34. Let b = -18 - d. Suppose 0 = -p + b*k + 52, 0 = -2*p - 0*p + 3*k + 129. What are the prime factors of p?
2, 3
Let t = 837 + -509. Suppose 2*a - 3*m - t = 0, -5*m - 132 = -2*a + 192. List the prime factors of a.
167
Let z(w) = -w**3 + 11*w**2 - 6*w - 17. Let y be z(9). Suppose -5*n + 786 = y. Let k = 195 - n. List the prime factors of k.
2, 7
Let s(w) = -2*w**2 - 9*w - 19. Let o be s(-3). What are the prime factors of 880 + -10*2/o?
2, 3, 7
Let n(q) = 72*q**2 + 24*q - 173. Let x be n(7). Let p = -2272 + x. List the prime factors of p.
3, 139
Let r(w) = -w**3 + 12*w**2 - 12*w + 2. Let s be r(8). Suppose -s = -5*l - 147. Suppose -15 = -l*m - 3, -679 = -3*k - m. List the prime factors of k.
3, 5
Let q = 816 - 576. Suppose 0 = 5*t + 5*s - q, -3*t - t + 200 = -4*s. Suppose -5 = c, 0*c + 2*c = 3*h - t. List the prime factors of h.
13
Let k(r) = -33*r + 27. Let f be k(15). List the prime factors of (-5)/5*f + 6.
2, 3, 79
Suppose 136*y - 143*y = 119. Let v(b) = -38*b - 31. List the prime factors of v(y).
3, 5, 41
Suppose -a - 2*a = d + 1821, 1821 = -3*a - 5*d. Let x = a + 1038. What are the prime factors of x?
431
Suppose 15*l - 3*l - 5*l - 103306 = 0. List the prime factors of l.
2, 47, 157
Let g = 20707 + 8596. What are the prime factors of g?
29303
Let i = 294 - 144. Let k be i/45 + 4*2/12. Suppose -2*b + k*b - 40 = 0. What are the prime factors of b?
2, 5
Let k be 1995/6*(-2924)/(-85). Suppose -35*s = -54*s + k. What are the prime factors of s?
2, 7, 43
Let d be ((-48)/(-120))/((-2)/(-5195)). Let z = d + -675. List the prime factors of z.
2, 7, 13
Let w(a) = a**3 - 8*a**2 - 18*a - 6. Let z be w(10). Suppose 5*h + z = 6*h. What are the prime factors of h?
2, 7
Let q be (-129)/(-9) - 4/(-6). Let k(n) = -13*n + 268 + 2*n**2 + 0*n - 307. List the prime factors of k(q).
2, 3
Let q = 107 - 191. Let z = q + 179. What are the prime factors of z?
5, 19
Suppose 0 = 3*y + b - 49062, 5311 = -2*y - 4*b + 38019. What are the prime factors of y?
2, 13, 17, 37
What are the prime factors of (-198024)/(-740)*330/9?
2, 11, 223
Suppose -4*o + 3172 = -0*o. Suppose -5*s - o = 127. Let b = s - -280. What are the prime factors of b?
2, 3
Suppose -53*s + 68*s = 645. Let z(p) = 5*p + 75. List the prime factors of z(s).
2, 5, 29
Let x(w) = -3*w**2 + 9*w + 59. Let l be x(7). Let b(t) = -5*t**3 + 2*t**2 - 1. Let j be b(1). List the prime factors of (l/(-2))/(j/(-8)).
5
Suppose -12305 = -7*u - 3002. Suppose 4*d = 3*c - 1852, -4*c + 2*d + u + 1127 = 0. What are the prime factors of c?
2, 3, 17
Let h(z) = 3 + z**2 - 4 + z + 26 + 22. List the prime factors of h(-9).
7, 17
Let m = -44637 - -85146. What are the prime factors of m?
3, 7, 643
Suppose -h + 5*w + 4871 = -11730, -2*w + 49820 = 3*h. What are the prime factors of h?
2, 19, 23
Let g(a) = 339*a - 2749. What are the prime factors of g(31)?
2, 5, 97
Let m be 9/((-225)/(-10)) + 473/5. Let p = 99 - m. What are the prime factors of 124*(p - 8)/(-8)?
2, 31
Let o be (-42)/(-1)*798/63. Let j = o - -475. What are the prime factors of j?
19, 53
Let o(i) = 12 - 7*i + 12*i - 4*i. Suppose 0 = 4*a - 2*f - 20, 3*a - 6*a - 5*f + 41 = 0. What are the prime factors of o(a)?
19
Let k(w) = -w**3 + 61*w**2 - 114*w - 130. What are the prime factors of k(35)?
2, 5, 47, 59
Suppose -9*p + 128*p - 3094000 = 0. What are the prime factors of p?
2, 5, 13
Let l(x) = x**3 - 13*x**2 + 898. List the prime factors of l(0).
2, 449
Let l = -29 + 30. Let g(s) = -l + 4*s + 32*s**3 + 8 - 11*s**2 - 31*s**3. What are the prime factors of g(11)?
3, 17
Let b(i) = 3*i + 31. Let h be b(10). Suppose 64*w - h*w = -2445. List the prime factors of (10/4)/(-3 - w/270).
3, 5
Suppose 0 = -31*t - 42*t - 8*t + 2678589. List the prime factors of t.
3, 73, 151
Let q = -257 - -262. Suppose -q*p + 2690 = 3*x - p, -4*p - 3540 = -4*x. List the prime factors of x.
2, 5, 89
Suppose 7*a = -2*a + 36. Suppose -a*r - c - 16 = 0, r + 0*r + 5*c = -23. List the prime factors of (-1 - (r + 6))*-17.
2, 17
Let b be ((-6)/4)/(27/2952*-4). What are the prime factors of ((-30*b)/6)/(-1)?
5, 41
Let c(v) = -83*v - 1262. What are the prime factors of c(-22)?
2, 3, 47
Let d(p) = 64*p**2 - 1. Let x be d(1). Let a = x - 66. Let h(z) = -16*z + 1. List the prime factors of h(a).
7
Let a(m) = -38*m + 14. Let h(d) = d - 1. Let u(q) = a(q) + 4*h(q). Let o(v) = 35*v - 9. Let w(p) = -4*o(p) - 5*u(p). List the prime factors of w(4).
2, 53
Let i be -2 - (0 + -2)*1. Suppose i = -20*w + 26*w - 24. List the prime factors of ((-14)/(-21))/(w/564).
2, 47
Suppose -36373 = -q - 3*q + g, 2*g = 3*q - 27281. List the prime factors of q.
3, 7, 433
Suppose -2*c - 98 = -0*c. Let p = -47 - c. Suppose 299 = p*j + 19. List the prime factors of j.
2, 5, 7
Let n(b) = b**2 - 18*b + 25. Let p be n(17). What are the prime factors of 34 + (3 - p) - -3?
2
Let l be (-8)/(-2) + 48/(-12). Suppose l = -2*h + 5 + 1. Suppose 7*g + h*g - 2240 = 0. List the prime factors of g.
2, 7
Let t(n) = n**3 - 7*n**2 - 8*n + 26. Suppose a - 58 = -1. Suppose -2*i = -4*f - 26, -5*i - 6 + a = -3*f. What are the prime factors of t(i)?
2, 29
Suppose d - 7 = 2*f, -11*f = -9*f - 2*d + 2. List the prime factors of (15/f)/(5/(-116)).
2, 29
Suppose -3*f + 71906 = 5*k, 2*f - 43143 = -7*k + 4*k. List the prime factors of k.
19, 757
Let m be (-1)/16*-4 - (-24)/32. Let k(y) = 637*y**3 + 2. What are the prime factors of k(m)?
3, 71
Suppose -g + 4 = -2*q, 0 = q - 3*g - 2*g + 20. Suppose 0 = -3*t + 3*n + 2688, q = 5*t - 2*n - 2003 - 2462. List the prime factors of t.
3, 11
Let n = -258 - -368. Let u = n - -190. Suppose 31*d = 26*d + u. List the prime factors of d.
2, 3, 5
Suppose 0 = -26*p - 18 + 70. List the prime factors of ((-312)/(-42) - 8)/(p/(-3493)).
2, 499
Let q be (-2)/12 - 10/(-60). Suppose q = 3*y + 3*y - 1278. Let g = y - 127. What are the prime factors of g?
2, 43
Suppose -5*x - 169 = 4*j, 0*j + 2*j = -5*x - 97. Let r = j + 54. Let d = -6 + r. What are the prime factors of d?
2, 3
Suppose 9*f = -127 + 127. Let y(w) = -w**3 - w**2 + 4*w + 110. List the prime factors of y(f).
2, 5, 11
Suppose 2*k - 16158 = 9098. List the prime factors of (-2)/6 + k/66.
191
Suppose 101*v + 42*v - 449502 - 1179840 = 0. List the prime factors of v.
2, 3, 211
Let q(w) = 1245*w - 710. What are the prime factors of q(3)?
5, 11
List the prime factors of ((-620815)/(-10))/13*(4 - 2).
9551
Let x be 6/(-7)*189/(-54). Let n be -4 + x - 0 - 0. What are the prime factors of (164/(-16))/(n/8)?
2, 41
Let s = 52 + -56. Let b(h) = -13*h + 24. Let j be b(s). Suppose j = 5*p - 4*i - 136, p - 46 = -i. List the prime factors of p.
2, 11
Let n(u) = u**2 - 10*u + 22. Let p be n(8). Suppose -2532 = -p*d + d + 2*x, 0 = x - 4. What are the prime factors of d?
2, 127
Suppose 62*x - 2002833 - 1693171 = -6*x. List the prime factors of x.
13, 37, 11